{"id":622,"date":"2025-06-05T13:10:40","date_gmt":"2025-06-05T11:10:40","guid":{"rendered":"https:\/\/optikpraha.cz\/?page_id=622"},"modified":"2025-06-05T13:24:19","modified_gmt":"2025-06-05T11:24:19","slug":"detsky-zrak-specialni-i-klasicke-brylove-cocky-pro-deti","status":"publish","type":"page","link":"https:\/\/optikpraha.cz\/en\/detsky-zrak-specialni-i-klasicke-brylove-cocky-pro-deti\/","title":{"rendered":"D\u011btsk\u00fd zrak &#8211; specialn\u00ed i klasick\u00e9 br\u00fdlov\u00e9 \u010do\u010dky pro d\u011bti"},"content":{"rendered":"<div class=\"wp-block-media-text is-stacked-on-mobile is-image-fill-element\"><figure class=\"wp-block-media-text__media\"><img loading=\"lazy\" decoding=\"async\" width=\"1024\" height=\"683\" src=\"https:\/\/optikpraha.cz\/wp-content\/uploads\/2025\/06\/dite-1-1024x683.webp\" alt=\"\" class=\"wp-image-630 size-full\" style=\"object-position:50% 50%\" srcset=\"https:\/\/optikpraha.cz\/wp-content\/uploads\/2025\/06\/dite-1-1024x683.webp 1024w, https:\/\/optikpraha.cz\/wp-content\/uploads\/2025\/06\/dite-1-300x200.webp 300w, https:\/\/optikpraha.cz\/wp-content\/uploads\/2025\/06\/dite-1-768x512.webp 768w, https:\/\/optikpraha.cz\/wp-content\/uploads\/2025\/06\/dite-1-1536x1024.webp 1536w, https:\/\/optikpraha.cz\/wp-content\/uploads\/2025\/06\/dite-1-2048x1366.webp 2048w, https:\/\/optikpraha.cz\/wp-content\/uploads\/2025\/06\/dite-1-18x12.webp 18w, https:\/\/optikpraha.cz\/wp-content\/uploads\/2025\/06\/dite-1-930x620.webp 930w\" sizes=\"auto, (max-width: 1024px) 100vw, 1024px\" \/><\/figure><div class=\"wp-block-media-text__content\">\n<p>Zrak se u d\u011bt\u00ed st\u00e1le vyv\u00edj\u00ed, a pr\u00e1v\u011b proto je tak d\u016fle\u017eit\u00e9 nepodcenit pravideln\u00e9 kontroly. Nab\u00edz\u00edme speci\u00e1ln\u00ed i klasick\u00e9 br\u00fdlov\u00e9 \u010do\u010dky navr\u017een\u00e9 p\u0159\u00edmo pro d\u011btsk\u00e9 o\u010di.<\/p>\n\n\n\n<p>Pro d\u011bti s kr\u00e1tkozrakost\u00ed doporu\u010dujeme inovativn\u00ed \u010do\u010dky <strong>Essilor\u00ae Stellest\u2122<\/strong>, kter\u00e9 dle klinick\u00fdch studi\u00ed dok\u00e1\u017eou <strong>zpomalit zhor\u0161ov\u00e1n\u00ed myopie a\u017e o 67\u202f%<\/strong>. Technologie HALT (Highly Aspherical Lenslet Target) v t\u011bchto \u010do\u010dk\u00e1ch aktivn\u011b pom\u00e1h\u00e1 \u0159\u00eddit r\u016fst o\u010dn\u00ed bulvy a t\u00edm p\u0159irozen\u011b ovliv\u0148uje v\u00fdvoj zraku.<\/p>\n\n\n\n<p>Z\u00e1rove\u0148 ch\u00e1peme, \u017ee d\u011bti jsou ak\u010dn\u00ed \u2013 a br\u00fdle \u010dasto dost\u00e1vaj\u00ed zabrat. Proto m\u00e1me v nab\u00eddce i <strong>cenov\u011b dostupn\u00e9 a odoln\u00e9 klasick\u00e9 \u010do\u010dky<\/strong>, kter\u00e9 poskytuj\u00ed ostr\u00e9 vid\u011bn\u00ed a d\u00edky kvalitn\u00edm \u00faprav\u00e1m vydr\u017e\u00ed ka\u017edodenn\u00ed z\u00e1t\u011b\u017e.<\/p>\n\n\n\n<p>Nejste si jist\u00ed, jak\u00e9 \u0159e\u0161en\u00ed je pro va\u0161e <strong>d\u00edt\u011b <\/strong>to prav\u00e9? <strong>Porad\u00edme v\u00e1m osobn\u011b<\/strong> na jedn\u00e9 z na\u0161ich pobo\u010dek.<\/p>\n\n\n\n<p><\/p>\n<\/div><\/div>","protected":false},"excerpt":{"rendered":"<p>Zrak se u d\u011bt\u00ed st\u00e1le vyv\u00edj\u00ed, a pr\u00e1v\u011b proto je tak d\u016fle\u017eit\u00e9 nepodcenit pravideln\u00e9 kontroly. Nab\u00edz\u00edme speci\u00e1ln\u00ed i klasick\u00e9 br\u00fdlov\u00e9 \u010do\u010dky navr\u017een\u00e9 p\u0159\u00edmo pro d\u011btsk\u00e9 o\u010di. Pro d\u011bti s kr\u00e1tkozrakost\u00ed doporu\u010dujeme inovativn\u00ed \u010do\u010dky Essilor\u00ae Stellest\u2122, kter\u00e9 dle klinick\u00fdch studi\u00ed dok\u00e1\u017eou zpomalit zhor\u0161ov\u00e1n\u00ed myopie a\u017e o 67\u202f%. Technologie HALT (Highly Aspherical Lenslet Target) v t\u011bchto \u010do\u010dk\u00e1ch&hellip;&nbsp;<a href=\"https:\/\/optikpraha.cz\/en\/detsky-zrak-specialni-i-klasicke-brylove-cocky-pro-deti\/\" rel=\"bookmark\">Read More &raquo;<span class=\"screen-reader-text\">D\u011btsk\u00fd zrak &#8211; specialn\u00ed i klasick\u00e9 br\u00fdlov\u00e9 \u010do\u010dky pro d\u011bti<\/span><\/a><\/p>","protected":false},"author":1,"featured_media":0,"parent":0,"menu_order":0,"comment_status":"closed","ping_status":"closed","template":"","meta":{"neve_meta_sidebar":"","neve_meta_container":"","neve_meta_enable_content_width":"","neve_meta_content_width":0,"neve_meta_title_alignment":"","neve_meta_author_avatar":"","neve_post_elements_order":"","neve_meta_disable_header":"","neve_meta_disable_footer":"","neve_meta_disable_title":"","_themeisle_gutenberg_block_has_review":false,"footnotes":""},"class_list":["post-622","page","type-page","status-publish","hentry"],"_links":{"self":[{"href":"https:\/\/optikpraha.cz\/en\/wp-json\/wp\/v2\/pages\/622","targetHints":{"allow":["GET"]}}],"collection":[{"href":"https:\/\/optikpraha.cz\/en\/wp-json\/wp\/v2\/pages"}],"about":[{"href":"https:\/\/optikpraha.cz\/en\/wp-json\/wp\/v2\/types\/page"}],"author":[{"embeddable":true,"href":"https:\/\/optikpraha.cz\/en\/wp-json\/wp\/v2\/users\/1"}],"replies":[{"embeddable":true,"href":"https:\/\/optikpraha.cz\/en\/wp-json\/wp\/v2\/comments?post=622"}],"version-history":[{"count":2,"href":"https:\/\/optikpraha.cz\/en\/wp-json\/wp\/v2\/pages\/622\/revisions"}],"predecessor-version":[{"id":649,"href":"https:\/\/optikpraha.cz\/en\/wp-json\/wp\/v2\/pages\/622\/revisions\/649"}],"wp:attachment":[{"href":"https:\/\/optikpraha.cz\/en\/wp-json\/wp\/v2\/media?parent=622"}],"curies":[{"name":"wp","href":"https:\/\/api.w.org\/{rel}","templated":true}]}}

Dětský zrak &#8211; specialní i klasické brýlové čočky pro děti

<div class="wp-block-media-text is-stacked-on-mobile is-image-fill-element"><figure class="wp-block-media-text__media"><img loading="lazy" decoding="async" width="1024" height="683" src="https://optikpraha.cz/wp-content/uploads/2025/06/dite-1-1024x683.webp" alt="" class="wp-image-630 size-full" style="object-position:50% 50%" srcset="https://optikpraha.cz/wp-content/uploads/2025/06/dite-1-1024x683.webp 1024w, https://optikpraha.cz/wp-content/uploads/2025/06/dite-1-300x200.webp 300w, https://optikpraha.cz/wp-content/uploads/2025/06/dite-1-768x512.webp 768w, https://optikpraha.cz/wp-content/uploads/2025/06/dite-1-1536x1024.webp 1536w, https://optikpraha.cz/wp-content/uploads/2025/06/dite-1-2048x1366.webp 2048w, https://optikpraha.cz/wp-content/uploads/2025/06/dite-1-18x12.webp 18w, https://optikpraha.cz/wp-content/uploads/2025/06/dite-1-930x620.webp 930w" sizes="auto, (max-width: 1024px) 100vw, 1024px" /></figure><div class="wp-block-media-text__content">
<p>Zrak se u dětí stále vyvíjí, a právě proto je tak důležité nepodcenit pravidelné kontroly. Nabízíme speciální i klasické brýlové čočky navržené přímo pro dětské oči.</p>



<p>Pro děti s krátkozrakostí doporučujeme inovativní čočky <strong>Essilor® Stellest™</strong>, které dle klinických studií dokážou <strong>zpomalit zhoršování myopie až o 67 %</strong>. Technologie HALT (Highly Aspherical Lenslet Target) v těchto čočkách aktivně pomáhá řídit růst oční bulvy a tím přirozeně ovlivňuje vývoj zraku.</p>



<p>Zároveň chápeme, že děti jsou akční – a brýle často dostávají zabrat. Proto máme v nabídce i <strong>cenově dostupné a odolné klasické čočky</strong>, které poskytují ostré vidění a díky kvalitním úpravám vydrží každodenní zátěž.</p>



<p>Nejste si jistí, jaké řešení je pro vaše <strong>dítě </strong>to pravé? <strong>Poradíme vám osobně</strong> na jedné z našich poboček.</p>



<p></p>
</div></div>

<p>Zrak se u dětí stále vyvíjí, a právě proto je tak důležité nepodcenit pravidelné kontroly. Nabízíme speciální i klasické brýlové čočky navržené přímo pro dětské oči. Pro děti s krátkozrakostí doporučujeme inovativní čočky Essilor® Stellest™, které dle klinických studií dokážou zpomalit zhoršování myopie až o 67 %. Technologie HALT (Highly Aspherical Lenslet Target) v těchto čočkách&hellip;&nbsp;<a href="https://optikpraha.cz/en/detsky-zrak-specialni-i-klasicke-brylove-cocky-pro-deti/" rel="bookmark">Read More &raquo;<span class="screen-reader-text">Dětský zrak &#8211; specialní i klasické brýlové čočky pro děti</span></a></p>
