{"id":616,"date":"2025-06-05T13:01:07","date_gmt":"2025-06-05T11:01:07","guid":{"rendered":"https:\/\/optikpraha.cz\/?page_id=616"},"modified":"2025-06-05T13:07:50","modified_gmt":"2025-06-05T11:07:50","slug":"potrebujete-ostre-videt-na-vsechny-vzdalenosti","status":"publish","type":"page","link":"https:\/\/optikpraha.cz\/en\/potrebujete-ostre-videt-na-vsechny-vzdalenosti\/","title":{"rendered":"Pot\u0159ebujete ost\u0159e vid\u011bt na v\u0161echny vzd\u00e1lenosti?"},"content":{"rendered":"<div class=\"wp-block-media-text is-stacked-on-mobile\"><figure class=\"wp-block-media-text__media\"><img loading=\"lazy\" decoding=\"async\" width=\"1024\" height=\"683\" src=\"https:\/\/optikpraha.cz\/wp-content\/uploads\/2025\/06\/Navrh-bez-nazvuklkjjlj-2-1024x683.webp\" alt=\"\" class=\"wp-image-617 size-full\" srcset=\"https:\/\/optikpraha.cz\/wp-content\/uploads\/2025\/06\/Navrh-bez-nazvuklkjjlj-2-1024x683.webp 1024w, https:\/\/optikpraha.cz\/wp-content\/uploads\/2025\/06\/Navrh-bez-nazvuklkjjlj-2-300x200.webp 300w, https:\/\/optikpraha.cz\/wp-content\/uploads\/2025\/06\/Navrh-bez-nazvuklkjjlj-2-768x512.webp 768w, https:\/\/optikpraha.cz\/wp-content\/uploads\/2025\/06\/Navrh-bez-nazvuklkjjlj-2-1536x1024.webp 1536w, https:\/\/optikpraha.cz\/wp-content\/uploads\/2025\/06\/Navrh-bez-nazvuklkjjlj-2-2048x1366.webp 2048w, https:\/\/optikpraha.cz\/wp-content\/uploads\/2025\/06\/Navrh-bez-nazvuklkjjlj-2-18x12.webp 18w, https:\/\/optikpraha.cz\/wp-content\/uploads\/2025\/06\/Navrh-bez-nazvuklkjjlj-2-930x620.webp 930w\" sizes=\"auto, (max-width: 1024px) 100vw, 1024px\" \/><\/figure><div class=\"wp-block-media-text__content\">\n<p>A\u0165 u\u017e \u0159\u00edd\u00edte, pracujete na po\u010d\u00edta\u010di nebo \u010dtete, ide\u00e1ln\u00edm \u0159e\u0161en\u00edm jsou <strong>multifok\u00e1ln\u00ed (progresivn\u00ed) br\u00fdle<\/strong>, kter\u00e9 plynule p\u0159ech\u00e1zej\u00ed mezi d\u00e1lkou, st\u0159edn\u00ed vzd\u00e1lenost\u00ed a bl\u00edzkem. Pom\u00e1haj\u00ed v\u00e1m ost\u0159e vid\u011bt v ka\u017ed\u00e9 situaci \u2013 bez nutnosti st\u0159\u00eddat br\u00fdle.<\/p>\n\n\n\n<p>Nab\u00edz\u00edme tak\u00e9 <strong>modern\u00ed varianty multifok\u00e1ln\u00edch \u010do\u010dek<\/strong> v\u010detn\u011b \u010do\u010dek vytvo\u0159en\u00fdch za pomoc\u00ed<strong> AI<\/strong>, kter\u00e9 v\u00e1m zajist\u00ed pohodl\u00ed a p\u0159irozen\u00fd p\u0159echod mezi jednotliv\u00fdmi vzd\u00e1lenostmi.<\/p>\n\n\n\n<div id=\"wp-block-themeisle-blocks-button-group-de9b2a3b\" class=\"wp-block-themeisle-blocks-button-group wp-block-buttons\">\n<div id=\"wp-block-themeisle-blocks-button-4af9e00f\" class=\"wp-block-themeisle-blocks-button wp-block-button\"><a href=\"https:\/\/optikpraha.cz\/en\/rezervace-mereni-zraku\/\" target=\"_self\" rel=\"noopener noreferrer\" class=\"wp-block-button__link\"><span><strong>Objednejte si m\u011b\u0159en\u00ed zraku<\/strong><\/span><\/a><\/div>\n<\/div>\n\n\n\n<p> a pom\u016f\u017eeme v\u00e1m naj\u00edt to spr\u00e1vn\u00e9 \u0159e\u0161en\u00ed pro v\u00e1\u0161 \u017eivotn\u00ed styl.<\/p>\n<\/div><\/div>\n\n\n\n<p><\/p>","protected":false},"excerpt":{"rendered":"","protected":false},"author":1,"featured_media":0,"parent":0,"menu_order":0,"comment_status":"closed","ping_status":"closed","template":"","meta":{"neve_meta_sidebar":"","neve_meta_container":"","neve_meta_enable_content_width":"","neve_meta_content_width":0,"neve_meta_title_alignment":"","neve_meta_author_avatar":"","neve_post_elements_order":"","neve_meta_disable_header":"","neve_meta_disable_footer":"","neve_meta_disable_title":"","_themeisle_gutenberg_block_has_review":false,"footnotes":""},"class_list":["post-616","page","type-page","status-publish","hentry"],"_links":{"self":[{"href":"https:\/\/optikpraha.cz\/en\/wp-json\/wp\/v2\/pages\/616","targetHints":{"allow":["GET"]}}],"collection":[{"href":"https:\/\/optikpraha.cz\/en\/wp-json\/wp\/v2\/pages"}],"about":[{"href":"https:\/\/optikpraha.cz\/en\/wp-json\/wp\/v2\/types\/page"}],"author":[{"embeddable":true,"href":"https:\/\/optikpraha.cz\/en\/wp-json\/wp\/v2\/users\/1"}],"replies":[{"embeddable":true,"href":"https:\/\/optikpraha.cz\/en\/wp-json\/wp\/v2\/comments?post=616"}],"version-history":[{"count":2,"href":"https:\/\/optikpraha.cz\/en\/wp-json\/wp\/v2\/pages\/616\/revisions"}],"predecessor-version":[{"id":619,"href":"https:\/\/optikpraha.cz\/en\/wp-json\/wp\/v2\/pages\/616\/revisions\/619"}],"wp:attachment":[{"href":"https:\/\/optikpraha.cz\/en\/wp-json\/wp\/v2\/media?parent=616"}],"curies":[{"name":"wp","href":"https:\/\/api.w.org\/{rel}","templated":true}]}}

Potřebujete ostře vidět na všechny vzdálenosti?

<div class="wp-block-media-text is-stacked-on-mobile"><figure class="wp-block-media-text__media"><img loading="lazy" decoding="async" width="1024" height="683" src="https://optikpraha.cz/wp-content/uploads/2025/06/Navrh-bez-nazvuklkjjlj-2-1024x683.webp" alt="" class="wp-image-617 size-full" srcset="https://optikpraha.cz/wp-content/uploads/2025/06/Navrh-bez-nazvuklkjjlj-2-1024x683.webp 1024w, https://optikpraha.cz/wp-content/uploads/2025/06/Navrh-bez-nazvuklkjjlj-2-300x200.webp 300w, https://optikpraha.cz/wp-content/uploads/2025/06/Navrh-bez-nazvuklkjjlj-2-768x512.webp 768w, https://optikpraha.cz/wp-content/uploads/2025/06/Navrh-bez-nazvuklkjjlj-2-1536x1024.webp 1536w, https://optikpraha.cz/wp-content/uploads/2025/06/Navrh-bez-nazvuklkjjlj-2-2048x1366.webp 2048w, https://optikpraha.cz/wp-content/uploads/2025/06/Navrh-bez-nazvuklkjjlj-2-18x12.webp 18w, https://optikpraha.cz/wp-content/uploads/2025/06/Navrh-bez-nazvuklkjjlj-2-930x620.webp 930w" sizes="auto, (max-width: 1024px) 100vw, 1024px" /></figure><div class="wp-block-media-text__content">
<p>Ať už řídíte, pracujete na počítači nebo čtete, ideálním řešením jsou <strong>multifokální (progresivní) brýle</strong>, které plynule přecházejí mezi dálkou, střední vzdáleností a blízkem. Pomáhají vám ostře vidět v každé situaci – bez nutnosti střídat brýle.</p>



<p>Nabízíme také <strong>moderní varianty multifokálních čoček</strong> včetně čoček vytvořených za pomocí<strong> AI</strong>, které vám zajistí pohodlí a přirozený přechod mezi jednotlivými vzdálenostmi.</p>



<div id="wp-block-themeisle-blocks-button-group-de9b2a3b" class="wp-block-themeisle-blocks-button-group wp-block-buttons">
<div id="wp-block-themeisle-blocks-button-4af9e00f" class="wp-block-themeisle-blocks-button wp-block-button"><a href="https://optikpraha.cz/en/rezervace-mereni-zraku/" target="_self" rel="noopener noreferrer" class="wp-block-button__link"><span><strong>Objednejte si měření zraku</strong></span></a></div>
</div>



<p> a pomůžeme vám najít to správné řešení pro váš životní styl.</p>
</div></div>



<p></p>
