{"id":609,"date":"2025-06-05T12:58:29","date_gmt":"2025-06-05T10:58:29","guid":{"rendered":"https:\/\/optikpraha.cz\/?page_id=609"},"modified":"2025-06-05T12:59:50","modified_gmt":"2025-06-05T10:59:50","slug":"travite-hodiny-u-pocitace","status":"publish","type":"page","link":"https:\/\/optikpraha.cz\/en\/travite-hodiny-u-pocitace\/","title":{"rendered":"Tr\u00e1v\u00edte hodiny u po\u010d\u00edta\u010de?"},"content":{"rendered":"<div class=\"wp-block-media-text is-stacked-on-mobile is-image-fill-element\"><figure class=\"wp-block-media-text__media\"><img loading=\"lazy\" decoding=\"async\" width=\"1024\" height=\"683\" src=\"https:\/\/optikpraha.cz\/wp-content\/uploads\/2025\/06\/Navrh-bez-nazvuzrtz-2-1024x683.webp\" alt=\"\" class=\"wp-image-611 size-full\" style=\"object-position:50% 50%\" srcset=\"https:\/\/optikpraha.cz\/wp-content\/uploads\/2025\/06\/Navrh-bez-nazvuzrtz-2-1024x683.webp 1024w, https:\/\/optikpraha.cz\/wp-content\/uploads\/2025\/06\/Navrh-bez-nazvuzrtz-2-300x200.webp 300w, https:\/\/optikpraha.cz\/wp-content\/uploads\/2025\/06\/Navrh-bez-nazvuzrtz-2-768x512.webp 768w, https:\/\/optikpraha.cz\/wp-content\/uploads\/2025\/06\/Navrh-bez-nazvuzrtz-2-1536x1024.webp 1536w, https:\/\/optikpraha.cz\/wp-content\/uploads\/2025\/06\/Navrh-bez-nazvuzrtz-2-2048x1366.webp 2048w, https:\/\/optikpraha.cz\/wp-content\/uploads\/2025\/06\/Navrh-bez-nazvuzrtz-2-18x12.webp 18w, https:\/\/optikpraha.cz\/wp-content\/uploads\/2025\/06\/Navrh-bez-nazvuzrtz-2-930x620.webp 930w\" sizes=\"auto, (max-width: 1024px) 100vw, 1024px\" \/><\/figure><div class=\"wp-block-media-text__content\">\n<p>pr\u00e1ce na po\u010d\u00edta\u010di klade vysok\u00e9 n\u00e1roky na zrak, zvl\u00e1\u0161\u0165 pokud tr\u00e1v\u00edte u obrazovky v\u011bt\u0161inu dne. Nab\u00edz\u00edme br\u00fdle speci\u00e1ln\u011b uzp\u016fsoben\u00e9 pro <strong>st\u0159edn\u00ed vzd\u00e1lenost<\/strong>, kter\u00e9 zaji\u0161\u0165uj\u00ed <strong>ostr\u00e9 vid\u011bn\u00ed na monitor i dokumenty na stole<\/strong>. Doporu\u010d\u00edme v\u00e1m tak\u00e9 <strong>nejlep\u0161\u00ed<\/strong> <strong>skla s modr\u00fdm filtrem<\/strong> na trhu, kter\u00e1 sni\u017euj\u00ed \u00fanavu o\u010d\u00ed.<\/p>\n\n\n\n<p>V\u011bd\u011bli jste, \u017ee existuj\u00ed i <strong>speci\u00e1ln\u00ed \u010do\u010dky pro pr\u00e1ci na po\u010d\u00edta\u010di<\/strong>, kter\u00e9 umo\u017e\u0148uj\u00ed ost\u0159e vid\u011bt na obrazovku i na bl\u00edzk\u00fd text?<\/p>\n\n\n\n<div id=\"wp-block-themeisle-blocks-button-group-a80b6def\" class=\"wp-block-themeisle-blocks-button-group wp-block-buttons\">\n<div id=\"wp-block-themeisle-blocks-button-ba4069d1\" class=\"wp-block-themeisle-blocks-button wp-block-button\"><a href=\"https:\/\/optikpraha.cz\/en\/rezervace-mereni-zraku\/\" target=\"_self\" rel=\"noopener noreferrer\" class=\"wp-block-button__link\"><span><strong>Objednejte si m\u011b\u0159en\u00ed zraku<\/strong><\/span><\/a><\/div>\n<\/div>\n\n\n\n<p> a vy\u0159e\u0161\u00edme to spole\u010dn\u011b.<\/p>\n<\/div><\/div>\n\n\n\n<p><\/p>","protected":false},"excerpt":{"rendered":"","protected":false},"author":1,"featured_media":0,"parent":0,"menu_order":0,"comment_status":"closed","ping_status":"closed","template":"","meta":{"neve_meta_sidebar":"","neve_meta_container":"","neve_meta_enable_content_width":"","neve_meta_content_width":0,"neve_meta_title_alignment":"","neve_meta_author_avatar":"","neve_post_elements_order":"","neve_meta_disable_header":"","neve_meta_disable_footer":"","neve_meta_disable_title":"","_themeisle_gutenberg_block_has_review":false,"footnotes":""},"class_list":["post-609","page","type-page","status-publish","hentry"],"_links":{"self":[{"href":"https:\/\/optikpraha.cz\/en\/wp-json\/wp\/v2\/pages\/609","targetHints":{"allow":["GET"]}}],"collection":[{"href":"https:\/\/optikpraha.cz\/en\/wp-json\/wp\/v2\/pages"}],"about":[{"href":"https:\/\/optikpraha.cz\/en\/wp-json\/wp\/v2\/types\/page"}],"author":[{"embeddable":true,"href":"https:\/\/optikpraha.cz\/en\/wp-json\/wp\/v2\/users\/1"}],"replies":[{"embeddable":true,"href":"https:\/\/optikpraha.cz\/en\/wp-json\/wp\/v2\/comments?post=609"}],"version-history":[{"count":2,"href":"https:\/\/optikpraha.cz\/en\/wp-json\/wp\/v2\/pages\/609\/revisions"}],"predecessor-version":[{"id":613,"href":"https:\/\/optikpraha.cz\/en\/wp-json\/wp\/v2\/pages\/609\/revisions\/613"}],"wp:attachment":[{"href":"https:\/\/optikpraha.cz\/en\/wp-json\/wp\/v2\/media?parent=609"}],"curies":[{"name":"wp","href":"https:\/\/api.w.org\/{rel}","templated":true}]}}

Trávíte hodiny u počítače?

<div class="wp-block-media-text is-stacked-on-mobile is-image-fill-element"><figure class="wp-block-media-text__media"><img loading="lazy" decoding="async" width="1024" height="683" src="https://optikpraha.cz/wp-content/uploads/2025/06/Navrh-bez-nazvuzrtz-2-1024x683.webp" alt="" class="wp-image-611 size-full" style="object-position:50% 50%" srcset="https://optikpraha.cz/wp-content/uploads/2025/06/Navrh-bez-nazvuzrtz-2-1024x683.webp 1024w, https://optikpraha.cz/wp-content/uploads/2025/06/Navrh-bez-nazvuzrtz-2-300x200.webp 300w, https://optikpraha.cz/wp-content/uploads/2025/06/Navrh-bez-nazvuzrtz-2-768x512.webp 768w, https://optikpraha.cz/wp-content/uploads/2025/06/Navrh-bez-nazvuzrtz-2-1536x1024.webp 1536w, https://optikpraha.cz/wp-content/uploads/2025/06/Navrh-bez-nazvuzrtz-2-2048x1366.webp 2048w, https://optikpraha.cz/wp-content/uploads/2025/06/Navrh-bez-nazvuzrtz-2-18x12.webp 18w, https://optikpraha.cz/wp-content/uploads/2025/06/Navrh-bez-nazvuzrtz-2-930x620.webp 930w" sizes="auto, (max-width: 1024px) 100vw, 1024px" /></figure><div class="wp-block-media-text__content">
<p>práce na počítači klade vysoké nároky na zrak, zvlášť pokud trávíte u obrazovky většinu dne. Nabízíme brýle speciálně uzpůsobené pro <strong>střední vzdálenost</strong>, které zajišťují <strong>ostré vidění na monitor i dokumenty na stole</strong>. Doporučíme vám také <strong>nejlepší</strong> <strong>skla s modrým filtrem</strong> na trhu, která snižují únavu očí.</p>



<p>Věděli jste, že existují i <strong>speciální čočky pro práci na počítači</strong>, které umožňují ostře vidět na obrazovku i na blízký text?</p>



<div id="wp-block-themeisle-blocks-button-group-a80b6def" class="wp-block-themeisle-blocks-button-group wp-block-buttons">
<div id="wp-block-themeisle-blocks-button-ba4069d1" class="wp-block-themeisle-blocks-button wp-block-button"><a href="https://optikpraha.cz/en/rezervace-mereni-zraku/" target="_self" rel="noopener noreferrer" class="wp-block-button__link"><span><strong>Objednejte si měření zraku</strong></span></a></div>
</div>



<p> a vyřešíme to společně.</p>
</div></div>



<p></p>
