{"id":605,"date":"2025-06-05T12:54:23","date_gmt":"2025-06-05T10:54:23","guid":{"rendered":"https:\/\/optikpraha.cz\/?page_id=605"},"modified":"2025-06-05T12:54:24","modified_gmt":"2025-06-05T10:54:24","slug":"potrebujete-videt-ostre-na-blizko","status":"publish","type":"page","link":"https:\/\/optikpraha.cz\/en\/potrebujete-videt-ostre-na-blizko\/","title":{"rendered":"Pot\u0159ebujete vid\u011bt ost\u0159e na bl\u00edzko?"},"content":{"rendered":"<ul class=\"wp-block-list\"><\/ul>\n\n\n\n<ul class=\"wp-block-list\"><\/ul>\n\n\n\n<div class=\"wp-block-media-text is-stacked-on-mobile is-image-fill-element\"><figure class=\"wp-block-media-text__media\"><img loading=\"lazy\" decoding=\"async\" width=\"1024\" height=\"683\" src=\"https:\/\/optikpraha.cz\/wp-content\/uploads\/2025\/06\/kniha-1-1024x683.webp\" alt=\"\" class=\"wp-image-606 size-full\" style=\"object-position:50% 50%\" srcset=\"https:\/\/optikpraha.cz\/wp-content\/uploads\/2025\/06\/kniha-1-1024x683.webp 1024w, https:\/\/optikpraha.cz\/wp-content\/uploads\/2025\/06\/kniha-1-300x200.webp 300w, https:\/\/optikpraha.cz\/wp-content\/uploads\/2025\/06\/kniha-1-768x512.webp 768w, https:\/\/optikpraha.cz\/wp-content\/uploads\/2025\/06\/kniha-1-1536x1024.webp 1536w, https:\/\/optikpraha.cz\/wp-content\/uploads\/2025\/06\/kniha-1-2048x1366.webp 2048w, https:\/\/optikpraha.cz\/wp-content\/uploads\/2025\/06\/kniha-1-18x12.webp 18w, https:\/\/optikpraha.cz\/wp-content\/uploads\/2025\/06\/kniha-1-930x620.webp 930w\" sizes=\"auto, (max-width: 1024px) 100vw, 1024px\" \/><\/figure><div class=\"wp-block-media-text__content\">\n<p>A\u0165 u\u017e \u010dtete knihu, prohl\u00ed\u017e\u00edte mobil nebo se v\u011bnujete precizn\u00ed ru\u010dn\u00ed pr\u00e1ci, kvalitn\u00ed vid\u011bn\u00ed na bl\u00edzkou vzd\u00e1lenost je nezbytn\u00e9. Pom\u016f\u017eeme v\u00e1m vybrat ide\u00e1ln\u00ed br\u00fdle, kter\u00e9 v\u00e1m zajist\u00ed komfort i p\u0159i dlouhodob\u00e9m soust\u0159ed\u011bn\u00ed.<\/p>\n\n\n\n<p>Doporu\u010d\u00edme v\u00e1m i <strong>speci\u00e1ln\u00ed skla pro \u010dten\u00ed<\/strong>, <strong>br\u00fdle na pr\u00e1ci s jemn\u00fdmi detaily<\/strong> nebo <strong>multifok\u00e1ln\u00ed \u0159e\u0161en\u00ed<\/strong>, pokud pot\u0159ebujete kombinaci v\u00edce vzd\u00e1lenost\u00ed.<\/p>\n\n\n\n<div id=\"wp-block-themeisle-blocks-button-group-40bd781c\" class=\"wp-block-themeisle-blocks-button-group wp-block-buttons\">\n<div id=\"wp-block-themeisle-blocks-button-5cad566e\" class=\"wp-block-themeisle-blocks-button wp-block-button\"><a href=\"https:\/\/optikpraha.cz\/en\/rezervace-mereni-zraku\/\" target=\"_self\" rel=\"noopener noreferrer\" class=\"wp-block-button__link\"><span><strong>Objednejte si m\u011b\u0159en\u00ed zraku<\/strong><\/span><\/a><\/div>\n<\/div>\n\n\n\n<p>a zjist\u011bte, jak v\u00e1m m\u016f\u017eeme pomoci vid\u011bt ost\u0159e na ka\u017ed\u00fd detail.<\/p>\n<\/div><\/div>\n\n\n\n<p><\/p>","protected":false},"excerpt":{"rendered":"","protected":false},"author":1,"featured_media":0,"parent":0,"menu_order":0,"comment_status":"closed","ping_status":"closed","template":"","meta":{"neve_meta_sidebar":"","neve_meta_container":"","neve_meta_enable_content_width":"","neve_meta_content_width":0,"neve_meta_title_alignment":"","neve_meta_author_avatar":"","neve_post_elements_order":"","neve_meta_disable_header":"","neve_meta_disable_footer":"","neve_meta_disable_title":"","_themeisle_gutenberg_block_has_review":false,"footnotes":""},"class_list":["post-605","page","type-page","status-publish","hentry"],"_links":{"self":[{"href":"https:\/\/optikpraha.cz\/en\/wp-json\/wp\/v2\/pages\/605","targetHints":{"allow":["GET"]}}],"collection":[{"href":"https:\/\/optikpraha.cz\/en\/wp-json\/wp\/v2\/pages"}],"about":[{"href":"https:\/\/optikpraha.cz\/en\/wp-json\/wp\/v2\/types\/page"}],"author":[{"embeddable":true,"href":"https:\/\/optikpraha.cz\/en\/wp-json\/wp\/v2\/users\/1"}],"replies":[{"embeddable":true,"href":"https:\/\/optikpraha.cz\/en\/wp-json\/wp\/v2\/comments?post=605"}],"version-history":[{"count":1,"href":"https:\/\/optikpraha.cz\/en\/wp-json\/wp\/v2\/pages\/605\/revisions"}],"predecessor-version":[{"id":607,"href":"https:\/\/optikpraha.cz\/en\/wp-json\/wp\/v2\/pages\/605\/revisions\/607"}],"wp:attachment":[{"href":"https:\/\/optikpraha.cz\/en\/wp-json\/wp\/v2\/media?parent=605"}],"curies":[{"name":"wp","href":"https:\/\/api.w.org\/{rel}","templated":true}]}}

Potřebujete vidět ostře na blízko?

<ul class="wp-block-list"></ul>



<ul class="wp-block-list"></ul>



<div class="wp-block-media-text is-stacked-on-mobile is-image-fill-element"><figure class="wp-block-media-text__media"><img loading="lazy" decoding="async" width="1024" height="683" src="https://optikpraha.cz/wp-content/uploads/2025/06/kniha-1-1024x683.webp" alt="" class="wp-image-606 size-full" style="object-position:50% 50%" srcset="https://optikpraha.cz/wp-content/uploads/2025/06/kniha-1-1024x683.webp 1024w, https://optikpraha.cz/wp-content/uploads/2025/06/kniha-1-300x200.webp 300w, https://optikpraha.cz/wp-content/uploads/2025/06/kniha-1-768x512.webp 768w, https://optikpraha.cz/wp-content/uploads/2025/06/kniha-1-1536x1024.webp 1536w, https://optikpraha.cz/wp-content/uploads/2025/06/kniha-1-2048x1366.webp 2048w, https://optikpraha.cz/wp-content/uploads/2025/06/kniha-1-18x12.webp 18w, https://optikpraha.cz/wp-content/uploads/2025/06/kniha-1-930x620.webp 930w" sizes="auto, (max-width: 1024px) 100vw, 1024px" /></figure><div class="wp-block-media-text__content">
<p>Ať už čtete knihu, prohlížíte mobil nebo se věnujete precizní ruční práci, kvalitní vidění na blízkou vzdálenost je nezbytné. Pomůžeme vám vybrat ideální brýle, které vám zajistí komfort i při dlouhodobém soustředění.</p>



<p>Doporučíme vám i <strong>speciální skla pro čtení</strong>, <strong>brýle na práci s jemnými detaily</strong> nebo <strong>multifokální řešení</strong>, pokud potřebujete kombinaci více vzdáleností.</p>



<div id="wp-block-themeisle-blocks-button-group-40bd781c" class="wp-block-themeisle-blocks-button-group wp-block-buttons">
<div id="wp-block-themeisle-blocks-button-5cad566e" class="wp-block-themeisle-blocks-button wp-block-button"><a href="https://optikpraha.cz/en/rezervace-mereni-zraku/" target="_self" rel="noopener noreferrer" class="wp-block-button__link"><span><strong>Objednejte si měření zraku</strong></span></a></div>
</div>



<p>a zjistěte, jak vám můžeme pomoci vidět ostře na každý detail.</p>
</div></div>



<p></p>
