{"id":598,"date":"2025-06-05T12:50:52","date_gmt":"2025-06-05T10:50:52","guid":{"rendered":"https:\/\/optikpraha.cz\/?page_id=598"},"modified":"2025-06-05T12:51:23","modified_gmt":"2025-06-05T10:51:23","slug":"potrebujete-videt-ostre-na-dalku-pomuzeme-vam","status":"publish","type":"page","link":"https:\/\/optikpraha.cz\/en\/potrebujete-videt-ostre-na-dalku-pomuzeme-vam\/","title":{"rendered":"Pot\u0159ebujete vid\u011bt ost\u0159e na d\u00e1lku? Pom\u016f\u017eeme v\u00e1m!"},"content":{"rendered":"<div class=\"wp-block-media-text is-stacked-on-mobile is-image-fill-element\"><figure class=\"wp-block-media-text__media\"><img loading=\"lazy\" decoding=\"async\" width=\"1024\" height=\"683\" src=\"https:\/\/optikpraha.cz\/wp-content\/uploads\/2025\/06\/dalka-1-1024x683.webp\" alt=\"\" class=\"wp-image-600 size-full\" style=\"object-position:50% 50%\" srcset=\"https:\/\/optikpraha.cz\/wp-content\/uploads\/2025\/06\/dalka-1-1024x683.webp 1024w, https:\/\/optikpraha.cz\/wp-content\/uploads\/2025\/06\/dalka-1-300x200.webp 300w, https:\/\/optikpraha.cz\/wp-content\/uploads\/2025\/06\/dalka-1-768x512.webp 768w, https:\/\/optikpraha.cz\/wp-content\/uploads\/2025\/06\/dalka-1-1536x1024.webp 1536w, https:\/\/optikpraha.cz\/wp-content\/uploads\/2025\/06\/dalka-1-2048x1366.webp 2048w, https:\/\/optikpraha.cz\/wp-content\/uploads\/2025\/06\/dalka-1-18x12.webp 18w, https:\/\/optikpraha.cz\/wp-content\/uploads\/2025\/06\/dalka-1-930x620.webp 930w\" sizes=\"auto, (max-width: 1024px) 100vw, 1024px\" \/><\/figure><div class=\"wp-block-media-text__content\">\n<p>A\u0165 u\u017e sledujete dopravn\u00ed zna\u010den\u00ed p\u0159i \u0159\u00edzen\u00ed, sportovn\u00ed d\u011bn\u00ed na h\u0159i\u0161ti nebo obl\u00edben\u00fd film v televizi, ostr\u00e9 vid\u011bn\u00ed do d\u00e1lky je kl\u00ed\u010dov\u00e9 pro v\u00e1\u0161 ka\u017edodenn\u00ed komfort i bezpe\u010d\u00ed. Na\u0161e modern\u00ed p\u0159\u00edstroje a zku\u0161enosti v\u00e1m pomohou naj\u00edt spr\u00e1vn\u00e9 dioptrie p\u0159esn\u011b na m\u00edru.<\/p>\n\n\n\n<p>V nab\u00eddce m\u00e1me i <strong>odleh\u010den\u00e1 skla s UV ochranou<\/strong>, <strong>antireflexn\u00ed \u00fapravou<\/strong> nebo mo\u017enost\u00ed <strong>fototropn\u00ed reakce<\/strong> na sv\u011btlo.<\/p>\n\n\n\n<div id=\"wp-block-themeisle-blocks-button-group-676188e3\" class=\"wp-block-themeisle-blocks-button-group wp-block-buttons\">\n<div id=\"wp-block-themeisle-blocks-button-e80485cc\" class=\"wp-block-themeisle-blocks-button wp-block-button\"><a href=\"https:\/\/optikpraha.cz\/en\/rezervace-mereni-zraku\/\" target=\"_self\" rel=\"noopener noreferrer\" class=\"wp-block-button__link\"><span><strong>Zarezervujte si m\u011b\u0159en\u00ed zraku<\/strong><\/span><\/a><\/div>\n<\/div>\n\n\n\n<p> a za\u010dn\u011bte vid\u011bt ost\u0159eji \u2013 jednodu\u0161e a bez kompromis\u016f.<\/p>\n<\/div><\/div>\n\n\n\n<p><\/p>","protected":false},"excerpt":{"rendered":"","protected":false},"author":1,"featured_media":0,"parent":0,"menu_order":0,"comment_status":"closed","ping_status":"closed","template":"","meta":{"neve_meta_sidebar":"","neve_meta_container":"","neve_meta_enable_content_width":"","neve_meta_content_width":0,"neve_meta_title_alignment":"","neve_meta_author_avatar":"","neve_post_elements_order":"","neve_meta_disable_header":"","neve_meta_disable_footer":"","neve_meta_disable_title":"","_themeisle_gutenberg_block_has_review":false,"footnotes":""},"class_list":["post-598","page","type-page","status-publish","hentry"],"_links":{"self":[{"href":"https:\/\/optikpraha.cz\/en\/wp-json\/wp\/v2\/pages\/598","targetHints":{"allow":["GET"]}}],"collection":[{"href":"https:\/\/optikpraha.cz\/en\/wp-json\/wp\/v2\/pages"}],"about":[{"href":"https:\/\/optikpraha.cz\/en\/wp-json\/wp\/v2\/types\/page"}],"author":[{"embeddable":true,"href":"https:\/\/optikpraha.cz\/en\/wp-json\/wp\/v2\/users\/1"}],"replies":[{"embeddable":true,"href":"https:\/\/optikpraha.cz\/en\/wp-json\/wp\/v2\/comments?post=598"}],"version-history":[{"count":2,"href":"https:\/\/optikpraha.cz\/en\/wp-json\/wp\/v2\/pages\/598\/revisions"}],"predecessor-version":[{"id":603,"href":"https:\/\/optikpraha.cz\/en\/wp-json\/wp\/v2\/pages\/598\/revisions\/603"}],"wp:attachment":[{"href":"https:\/\/optikpraha.cz\/en\/wp-json\/wp\/v2\/media?parent=598"}],"curies":[{"name":"wp","href":"https:\/\/api.w.org\/{rel}","templated":true}]}}

Potřebujete vidět ostře na dálku? Pomůžeme vám!

<div class="wp-block-media-text is-stacked-on-mobile is-image-fill-element"><figure class="wp-block-media-text__media"><img loading="lazy" decoding="async" width="1024" height="683" src="https://optikpraha.cz/wp-content/uploads/2025/06/dalka-1-1024x683.webp" alt="" class="wp-image-600 size-full" style="object-position:50% 50%" srcset="https://optikpraha.cz/wp-content/uploads/2025/06/dalka-1-1024x683.webp 1024w, https://optikpraha.cz/wp-content/uploads/2025/06/dalka-1-300x200.webp 300w, https://optikpraha.cz/wp-content/uploads/2025/06/dalka-1-768x512.webp 768w, https://optikpraha.cz/wp-content/uploads/2025/06/dalka-1-1536x1024.webp 1536w, https://optikpraha.cz/wp-content/uploads/2025/06/dalka-1-2048x1366.webp 2048w, https://optikpraha.cz/wp-content/uploads/2025/06/dalka-1-18x12.webp 18w, https://optikpraha.cz/wp-content/uploads/2025/06/dalka-1-930x620.webp 930w" sizes="auto, (max-width: 1024px) 100vw, 1024px" /></figure><div class="wp-block-media-text__content">
<p>Ať už sledujete dopravní značení při řízení, sportovní dění na hřišti nebo oblíbený film v televizi, ostré vidění do dálky je klíčové pro váš každodenní komfort i bezpečí. Naše moderní přístroje a zkušenosti vám pomohou najít správné dioptrie přesně na míru.</p>



<p>V nabídce máme i <strong>odlehčená skla s UV ochranou</strong>, <strong>antireflexní úpravou</strong> nebo možností <strong>fototropní reakce</strong> na světlo.</p>



<div id="wp-block-themeisle-blocks-button-group-676188e3" class="wp-block-themeisle-blocks-button-group wp-block-buttons">
<div id="wp-block-themeisle-blocks-button-e80485cc" class="wp-block-themeisle-blocks-button wp-block-button"><a href="https://optikpraha.cz/en/rezervace-mereni-zraku/" target="_self" rel="noopener noreferrer" class="wp-block-button__link"><span><strong>Zarezervujte si měření zraku</strong></span></a></div>
</div>



<p> a začněte vidět ostřeji – jednoduše a bez kompromisů.</p>
</div></div>



<p></p>
