{"id":591,"date":"2025-06-05T12:43:05","date_gmt":"2025-06-05T10:43:05","guid":{"rendered":"https:\/\/optikpraha.cz\/?page_id=591"},"modified":"2025-06-05T12:51:14","modified_gmt":"2025-06-05T10:51:14","slug":"potrebuji-ridit-a-videt-na-navigaci-profi-ridic","status":"publish","type":"page","link":"https:\/\/optikpraha.cz\/en\/potrebuji-ridit-a-videt-na-navigaci-profi-ridic\/","title":{"rendered":"Pot\u0159ebuji\u00a0\u0159\u00eddit\u00a0a vid\u011bt\u00a0na\u00a0navigaci\u00a0( profi \u0159idi\u010d)"},"content":{"rendered":"<div class=\"wp-block-media-text is-stacked-on-mobile is-image-fill-element\"><figure class=\"wp-block-media-text__media\"><img loading=\"lazy\" decoding=\"async\" width=\"1024\" height=\"683\" src=\"https:\/\/optikpraha.cz\/wp-content\/uploads\/2025\/06\/Navrh-bez-nazvu-1024x683.webp\" alt=\"ghughjghj\" class=\"wp-image-569 size-full\" style=\"object-position:19% 79%\" srcset=\"https:\/\/optikpraha.cz\/wp-content\/uploads\/2025\/06\/Navrh-bez-nazvu-1024x683.webp 1024w, https:\/\/optikpraha.cz\/wp-content\/uploads\/2025\/06\/Navrh-bez-nazvu-300x200.webp 300w, https:\/\/optikpraha.cz\/wp-content\/uploads\/2025\/06\/Navrh-bez-nazvu-768x512.webp 768w, https:\/\/optikpraha.cz\/wp-content\/uploads\/2025\/06\/Navrh-bez-nazvu-1536x1024.webp 1536w, https:\/\/optikpraha.cz\/wp-content\/uploads\/2025\/06\/Navrh-bez-nazvu-2048x1366.webp 2048w, https:\/\/optikpraha.cz\/wp-content\/uploads\/2025\/06\/Navrh-bez-nazvu-18x12.webp 18w, https:\/\/optikpraha.cz\/wp-content\/uploads\/2025\/06\/Navrh-bez-nazvu-930x620.webp 930w\" sizes=\"auto, (max-width: 1024px) 100vw, 1024px\" \/><\/figure><div class=\"wp-block-media-text__content\">\n<p>\u0158\u00edd\u00edte ka\u017ed\u00fd den? Va\u0161e o\u010di si zaslou\u017e\u00ed to nejlep\u0161\u00ed.<\/p>\n\n\n\n<p>Jako profesion\u00e1ln\u00ed \u0159idi\u010d tr\u00e1v\u00edte za volantem mnoho hodin. Ostrost zraku a vizu\u00e1ln\u00ed komfort nejsou jen ot\u00e1zkou pohodl\u00ed, ale i bezpe\u010dnosti. U n\u00e1s v <strong>LP Optik <\/strong>se zam\u011b\u0159ujeme na pot\u0159eby \u0159idi\u010d\u016f \u2013 nab\u00edz\u00edme <strong>precizn\u00ed m\u011b\u0159en\u00ed zraku<\/strong>, individu\u00e1ln\u00ed p\u0159\u00edstup a <strong>br\u00fdle s antireflexn\u00ed \u00fapravou<\/strong>, kter\u00e9 v\u00fdrazn\u011b sni\u017euj\u00ed osln\u011bn\u00ed od protijedouc\u00edch aut nebo obrazovek.<\/p>\n\n\n\n<p>Zvl\u00e1\u0161\u0165 p\u0159i \u0159\u00edzen\u00ed ve dne i v noci ocen\u00edte <strong>polariza\u010dn\u00ed dioptrick\u00e1 skla<\/strong>, kter\u00e1 eliminuj\u00ed odlesky z mokr\u00e9 vozovky nebo kapoty. Pro praktick\u00e9 vyu\u017eit\u00ed m\u00e1me tak\u00e9 <strong>dioptrick\u00e9 obruby se slune\u010dn\u00edm p\u0159edv\u011bsem<\/strong>, kter\u00e9 snadno p\u0159ipnete a zase odejmete podle pot\u0159eby \u2013 ide\u00e1ln\u00ed \u0159e\u0161en\u00ed pro ka\u017edodenn\u00ed provoz.<\/p>\n\n\n\n<div id=\"wp-block-themeisle-blocks-button-group-4ffd0e9f\" class=\"wp-block-themeisle-blocks-button-group wp-block-buttons\">\n<div id=\"wp-block-themeisle-blocks-button-3c62b6df\" class=\"wp-block-themeisle-blocks-button wp-block-button\"><a href=\"https:\/\/optikpraha.cz\/en\/rezervace-mereni-zraku\/\" target=\"_self\" rel=\"noopener noreferrer\" class=\"wp-block-button__link\"><span><strong>Zarezervujte si m\u011b\u0159en\u00ed zraku<\/strong><\/span><\/a><\/div>\n<\/div>\n\n\n\n<p> a nechte si poradit, jak\u00e9 br\u00fdle v\u00e1m nab\u00eddnou nejvy\u0161\u0161\u00ed komfort a bezpe\u010d\u00ed na cest\u00e1ch.<\/p>\n<\/div><\/div>\n\n\n\n<p><\/p>","protected":false},"excerpt":{"rendered":"","protected":false},"author":1,"featured_media":0,"parent":0,"menu_order":0,"comment_status":"closed","ping_status":"closed","template":"","meta":{"neve_meta_sidebar":"","neve_meta_container":"","neve_meta_enable_content_width":"","neve_meta_content_width":0,"neve_meta_title_alignment":"","neve_meta_author_avatar":"","neve_post_elements_order":"","neve_meta_disable_header":"","neve_meta_disable_footer":"","neve_meta_disable_title":"","_themeisle_gutenberg_block_has_review":false,"footnotes":""},"class_list":["post-591","page","type-page","status-publish","hentry"],"_links":{"self":[{"href":"https:\/\/optikpraha.cz\/en\/wp-json\/wp\/v2\/pages\/591","targetHints":{"allow":["GET"]}}],"collection":[{"href":"https:\/\/optikpraha.cz\/en\/wp-json\/wp\/v2\/pages"}],"about":[{"href":"https:\/\/optikpraha.cz\/en\/wp-json\/wp\/v2\/types\/page"}],"author":[{"embeddable":true,"href":"https:\/\/optikpraha.cz\/en\/wp-json\/wp\/v2\/users\/1"}],"replies":[{"embeddable":true,"href":"https:\/\/optikpraha.cz\/en\/wp-json\/wp\/v2\/comments?post=591"}],"version-history":[{"count":3,"href":"https:\/\/optikpraha.cz\/en\/wp-json\/wp\/v2\/pages\/591\/revisions"}],"predecessor-version":[{"id":602,"href":"https:\/\/optikpraha.cz\/en\/wp-json\/wp\/v2\/pages\/591\/revisions\/602"}],"wp:attachment":[{"href":"https:\/\/optikpraha.cz\/en\/wp-json\/wp\/v2\/media?parent=591"}],"curies":[{"name":"wp","href":"https:\/\/api.w.org\/{rel}","templated":true}]}}

Potřebuji řídit a vidět na navigaci ( profi řidič)

<div class="wp-block-media-text is-stacked-on-mobile is-image-fill-element"><figure class="wp-block-media-text__media"><img loading="lazy" decoding="async" width="1024" height="683" src="https://optikpraha.cz/wp-content/uploads/2025/06/Navrh-bez-nazvu-1024x683.webp" alt="ghughjghj" class="wp-image-569 size-full" style="object-position:19% 79%" srcset="https://optikpraha.cz/wp-content/uploads/2025/06/Navrh-bez-nazvu-1024x683.webp 1024w, https://optikpraha.cz/wp-content/uploads/2025/06/Navrh-bez-nazvu-300x200.webp 300w, https://optikpraha.cz/wp-content/uploads/2025/06/Navrh-bez-nazvu-768x512.webp 768w, https://optikpraha.cz/wp-content/uploads/2025/06/Navrh-bez-nazvu-1536x1024.webp 1536w, https://optikpraha.cz/wp-content/uploads/2025/06/Navrh-bez-nazvu-2048x1366.webp 2048w, https://optikpraha.cz/wp-content/uploads/2025/06/Navrh-bez-nazvu-18x12.webp 18w, https://optikpraha.cz/wp-content/uploads/2025/06/Navrh-bez-nazvu-930x620.webp 930w" sizes="auto, (max-width: 1024px) 100vw, 1024px" /></figure><div class="wp-block-media-text__content">
<p>Řídíte každý den? Vaše oči si zaslouží to nejlepší.</p>



<p>Jako profesionální řidič trávíte za volantem mnoho hodin. Ostrost zraku a vizuální komfort nejsou jen otázkou pohodlí, ale i bezpečnosti. U nás v <strong>LP Optik </strong>se zaměřujeme na potřeby řidičů – nabízíme <strong>precizní měření zraku</strong>, individuální přístup a <strong>brýle s antireflexní úpravou</strong>, které výrazně snižují oslnění od protijedoucích aut nebo obrazovek.</p>



<p>Zvlášť při řízení ve dne i v noci oceníte <strong>polarizační dioptrická skla</strong>, která eliminují odlesky z mokré vozovky nebo kapoty. Pro praktické využití máme také <strong>dioptrické obruby se slunečním předvěsem</strong>, které snadno připnete a zase odejmete podle potřeby – ideální řešení pro každodenní provoz.</p>



<div id="wp-block-themeisle-blocks-button-group-4ffd0e9f" class="wp-block-themeisle-blocks-button-group wp-block-buttons">
<div id="wp-block-themeisle-blocks-button-3c62b6df" class="wp-block-themeisle-blocks-button wp-block-button"><a href="https://optikpraha.cz/en/rezervace-mereni-zraku/" target="_self" rel="noopener noreferrer" class="wp-block-button__link"><span><strong>Zarezervujte si měření zraku</strong></span></a></div>
</div>



<p> a nechte si poradit, jaké brýle vám nabídnou nejvyšší komfort a bezpečí na cestách.</p>
</div></div>



<p></p>
