{"id":566,"date":"2025-06-05T12:03:10","date_gmt":"2025-06-05T10:03:10","guid":{"rendered":"https:\/\/optikpraha.cz\/?page_id=566"},"modified":"2025-06-05T13:10:52","modified_gmt":"2025-06-05T11:10:52","slug":"potrebuji-videt","status":"publish","type":"page","link":"https:\/\/optikpraha.cz\/en\/potrebuji-videt\/","title":{"rendered":"Pot\u0159ebuji vid\u011bt"},"content":{"rendered":"<div class=\"wp-block-media-text is-stacked-on-mobile\" style=\"grid-template-columns:30% auto\"><figure class=\"wp-block-media-text__media\"><img loading=\"lazy\" decoding=\"async\" width=\"1024\" height=\"683\" src=\"https:\/\/optikpraha.cz\/wp-content\/uploads\/2025\/06\/dalka-1024x683.webp\" alt=\"\" class=\"wp-image-572 size-full\" srcset=\"https:\/\/optikpraha.cz\/wp-content\/uploads\/2025\/06\/dalka-1024x683.webp 1024w, https:\/\/optikpraha.cz\/wp-content\/uploads\/2025\/06\/dalka-300x200.webp 300w, https:\/\/optikpraha.cz\/wp-content\/uploads\/2025\/06\/dalka-768x512.webp 768w, https:\/\/optikpraha.cz\/wp-content\/uploads\/2025\/06\/dalka-1536x1024.webp 1536w, https:\/\/optikpraha.cz\/wp-content\/uploads\/2025\/06\/dalka-2048x1366.webp 2048w, https:\/\/optikpraha.cz\/wp-content\/uploads\/2025\/06\/dalka-18x12.webp 18w, https:\/\/optikpraha.cz\/wp-content\/uploads\/2025\/06\/dalka-930x620.webp 930w\" sizes=\"auto, (max-width: 1024px) 100vw, 1024px\" \/><\/figure><div class=\"wp-block-media-text__content\">\n<p>Pot\u0159ebuji vid\u011bt <strong>na<\/strong> <strong>d\u00e1lku<\/strong>. (\u0159\u00edzen\u00ed, televize, sport)<\/p>\n\n\n\n<div id=\"wp-block-themeisle-blocks-button-group-f543d550\" class=\"wp-block-themeisle-blocks-button-group wp-block-buttons align-left-desktop\">\n<div id=\"wp-block-themeisle-blocks-button-107c96b5\" class=\"wp-block-themeisle-blocks-button wp-block-button\"><a href=\"https:\/\/optikpraha.cz\/en\/potrebujete-videt-ostre-na-dalku-pomuzeme-vam\/\" target=\"_self\" rel=\"noopener noreferrer\" class=\"wp-block-button__link\"><span>INFO<\/span><\/a><\/div>\n<\/div>\n<\/div><\/div>\n\n\n\n<div class=\"wp-block-media-text is-stacked-on-mobile\" style=\"grid-template-columns:30% auto\"><figure class=\"wp-block-media-text__media\"><img loading=\"lazy\" decoding=\"async\" width=\"1024\" height=\"683\" src=\"https:\/\/optikpraha.cz\/wp-content\/uploads\/2025\/06\/kniha-1024x683.webp\" alt=\"\" class=\"wp-image-580 size-full\" srcset=\"https:\/\/optikpraha.cz\/wp-content\/uploads\/2025\/06\/kniha-1024x683.webp 1024w, https:\/\/optikpraha.cz\/wp-content\/uploads\/2025\/06\/kniha-300x200.webp 300w, https:\/\/optikpraha.cz\/wp-content\/uploads\/2025\/06\/kniha-768x512.webp 768w, https:\/\/optikpraha.cz\/wp-content\/uploads\/2025\/06\/kniha-1536x1024.webp 1536w, https:\/\/optikpraha.cz\/wp-content\/uploads\/2025\/06\/kniha-2048x1366.webp 2048w, https:\/\/optikpraha.cz\/wp-content\/uploads\/2025\/06\/kniha-18x12.webp 18w, https:\/\/optikpraha.cz\/wp-content\/uploads\/2025\/06\/kniha-930x620.webp 930w\" sizes=\"auto, (max-width: 1024px) 100vw, 1024px\" \/><\/figure><div class=\"wp-block-media-text__content\">\n<p>Pot\u0159ebuji vid\u011bt <strong>na bl\u00edzko<\/strong>. ( \u010dt\u011bn\u00ed, drobn\u00e1 pr\u00e1ce)<\/p>\n\n\n\n<div id=\"wp-block-themeisle-blocks-button-group-1e8cd851\" class=\"wp-block-themeisle-blocks-button-group wp-block-buttons align-left-desktop\">\n<div id=\"wp-block-themeisle-blocks-button-a4822697\" class=\"wp-block-themeisle-blocks-button wp-block-button\"><a href=\"https:\/\/optikpraha.cz\/en\/potrebujete-videt-ostre-na-blizko\/\" target=\"_self\" rel=\"noopener noreferrer\" class=\"wp-block-button__link\"><span>info<\/span><\/a><\/div>\n<\/div>\n<\/div><\/div>\n\n\n\n<div id=\"wp-block-themeisle-blocks-advanced-columns-e72e9764\" class=\"wp-block-themeisle-blocks-advanced-columns has-1-columns has-desktop-equal-layout has-tablet-equal-layout has-mobile-collapsedRows-layout has-vertical-unset\"><div class=\"wp-block-themeisle-blocks-advanced-columns-overlay\"><\/div><div class=\"innerblocks-wrap\">\n<div id=\"wp-block-themeisle-blocks-advanced-column-1870a168\" class=\"wp-block-themeisle-blocks-advanced-column\">\n<div class=\"wp-block-media-text is-stacked-on-mobile\" style=\"grid-template-columns:30% auto\"><figure class=\"wp-block-media-text__media\"><img loading=\"lazy\" decoding=\"async\" width=\"1024\" height=\"683\" src=\"https:\/\/optikpraha.cz\/wp-content\/uploads\/2025\/06\/Navrh-bez-nazvu-1024x683.webp\" alt=\"ghughjghj\" class=\"wp-image-569 size-full\" srcset=\"https:\/\/optikpraha.cz\/wp-content\/uploads\/2025\/06\/Navrh-bez-nazvu-1024x683.webp 1024w, https:\/\/optikpraha.cz\/wp-content\/uploads\/2025\/06\/Navrh-bez-nazvu-300x200.webp 300w, https:\/\/optikpraha.cz\/wp-content\/uploads\/2025\/06\/Navrh-bez-nazvu-768x512.webp 768w, https:\/\/optikpraha.cz\/wp-content\/uploads\/2025\/06\/Navrh-bez-nazvu-1536x1024.webp 1536w, https:\/\/optikpraha.cz\/wp-content\/uploads\/2025\/06\/Navrh-bez-nazvu-2048x1366.webp 2048w, https:\/\/optikpraha.cz\/wp-content\/uploads\/2025\/06\/Navrh-bez-nazvu-18x12.webp 18w, https:\/\/optikpraha.cz\/wp-content\/uploads\/2025\/06\/Navrh-bez-nazvu-930x620.webp 930w\" sizes=\"auto, (max-width: 1024px) 100vw, 1024px\" \/><\/figure><div class=\"wp-block-media-text__content\">\n<p>Pot\u0159ebuji <strong>\u0159\u00eddit<\/strong> a vid\u011bt <strong>na<\/strong> <strong>navigaci. <\/strong>( profi \u0159idi\u010d) <\/p>\n\n\n\n<div id=\"wp-block-themeisle-blocks-button-group-f81cc653\" class=\"wp-block-themeisle-blocks-button-group wp-block-buttons align-left-desktop\">\n<div id=\"wp-block-themeisle-blocks-button-2f4939b1\" class=\"wp-block-themeisle-blocks-button wp-block-button\"><a href=\"https:\/\/optikpraha.cz\/en\/potrebuji-ridit-a-videt-na-navigaci-profi-ridic\/\" target=\"_self\" rel=\"noopener noreferrer\" class=\"wp-block-button__link\"><span>Info<\/span><\/a><\/div>\n<\/div>\n<\/div><\/div>\n<\/div>\n<\/div><\/div>\n\n\n\n<div class=\"wp-block-media-text is-stacked-on-mobile\" style=\"grid-template-columns:30% auto\"><figure class=\"wp-block-media-text__media\"><img loading=\"lazy\" decoding=\"async\" width=\"1024\" height=\"683\" src=\"https:\/\/optikpraha.cz\/wp-content\/uploads\/2025\/06\/Navrh-bez-nazvuzrtz-1024x683.webp\" alt=\"\" class=\"wp-image-570 size-full\" srcset=\"https:\/\/optikpraha.cz\/wp-content\/uploads\/2025\/06\/Navrh-bez-nazvuzrtz-1024x683.webp 1024w, https:\/\/optikpraha.cz\/wp-content\/uploads\/2025\/06\/Navrh-bez-nazvuzrtz-300x200.webp 300w, https:\/\/optikpraha.cz\/wp-content\/uploads\/2025\/06\/Navrh-bez-nazvuzrtz-768x512.webp 768w, https:\/\/optikpraha.cz\/wp-content\/uploads\/2025\/06\/Navrh-bez-nazvuzrtz-1536x1024.webp 1536w, https:\/\/optikpraha.cz\/wp-content\/uploads\/2025\/06\/Navrh-bez-nazvuzrtz-2048x1366.webp 2048w, https:\/\/optikpraha.cz\/wp-content\/uploads\/2025\/06\/Navrh-bez-nazvuzrtz-18x12.webp 18w, https:\/\/optikpraha.cz\/wp-content\/uploads\/2025\/06\/Navrh-bez-nazvuzrtz-930x620.webp 930w\" sizes=\"auto, (max-width: 1024px) 100vw, 1024px\" \/><\/figure><div class=\"wp-block-media-text__content\">\n<p>Pot\u0159ebuji vid\u011bt <strong>na po\u010d\u00edta\u010d<\/strong>. (st\u0159edn\u00ed vzd\u00e1lenost)<\/p>\n\n\n\n<div id=\"wp-block-themeisle-blocks-button-group-162697b1\" class=\"wp-block-themeisle-blocks-button-group wp-block-buttons align-left-desktop\">\n<div id=\"wp-block-themeisle-blocks-button-7fa9ab45\" class=\"wp-block-themeisle-blocks-button wp-block-button\"><a href=\"https:\/\/optikpraha.cz\/en\/travite-hodiny-u-pocitace\/\" target=\"_self\" rel=\"noopener noreferrer\" class=\"wp-block-button__link\"><span>info<\/span><\/a><\/div>\n<\/div>\n<\/div><\/div>\n\n\n\n<div class=\"wp-block-media-text is-stacked-on-mobile\" style=\"grid-template-columns:30% auto\"><figure class=\"wp-block-media-text__media\"><img loading=\"lazy\" decoding=\"async\" width=\"1024\" height=\"683\" src=\"https:\/\/optikpraha.cz\/wp-content\/uploads\/2025\/06\/Navrh-bez-nazvuklkjjlj-1-1024x683.webp\" alt=\"\" class=\"wp-image-576 size-full\" srcset=\"https:\/\/optikpraha.cz\/wp-content\/uploads\/2025\/06\/Navrh-bez-nazvuklkjjlj-1-1024x683.webp 1024w, https:\/\/optikpraha.cz\/wp-content\/uploads\/2025\/06\/Navrh-bez-nazvuklkjjlj-1-300x200.webp 300w, https:\/\/optikpraha.cz\/wp-content\/uploads\/2025\/06\/Navrh-bez-nazvuklkjjlj-1-768x512.webp 768w, https:\/\/optikpraha.cz\/wp-content\/uploads\/2025\/06\/Navrh-bez-nazvuklkjjlj-1-1536x1024.webp 1536w, https:\/\/optikpraha.cz\/wp-content\/uploads\/2025\/06\/Navrh-bez-nazvuklkjjlj-1-2048x1366.webp 2048w, https:\/\/optikpraha.cz\/wp-content\/uploads\/2025\/06\/Navrh-bez-nazvuklkjjlj-1-18x12.webp 18w, https:\/\/optikpraha.cz\/wp-content\/uploads\/2025\/06\/Navrh-bez-nazvuklkjjlj-1-930x620.webp 930w\" sizes=\"auto, (max-width: 1024px) 100vw, 1024px\" \/><\/figure><div class=\"wp-block-media-text__content\">\n<p>Pot\u0159ebuji vid\u011bt <strong>na v\u0161echny vzd\u00e1lenosti<\/strong>. (kombinace v\u00edce vzd\u00e1lenost\u00ed)<\/p>\n\n\n\n<div id=\"wp-block-themeisle-blocks-button-group-3fd159d8\" class=\"wp-block-themeisle-blocks-button-group wp-block-buttons align-left-desktop\">\n<div id=\"wp-block-themeisle-blocks-button-b567cf72\" class=\"wp-block-themeisle-blocks-button wp-block-button\"><a href=\"https:\/\/optikpraha.cz\/en\/potrebujete-ostre-videt-na-vsechny-vzdalenosti\/\" target=\"_self\" rel=\"noopener noreferrer\" class=\"wp-block-button__link\"><span>Info<\/span><\/a><\/div>\n<\/div>\n<\/div><\/div>\n\n\n\n<div class=\"wp-block-media-text is-stacked-on-mobile\" style=\"grid-template-columns:30% auto\"><figure class=\"wp-block-media-text__media\"><img loading=\"lazy\" decoding=\"async\" width=\"1024\" height=\"683\" src=\"https:\/\/optikpraha.cz\/wp-content\/uploads\/2025\/06\/dite-1024x683.webp\" alt=\"\" class=\"wp-image-588 size-full\" srcset=\"https:\/\/optikpraha.cz\/wp-content\/uploads\/2025\/06\/dite-1024x683.webp 1024w, https:\/\/optikpraha.cz\/wp-content\/uploads\/2025\/06\/dite-300x200.webp 300w, https:\/\/optikpraha.cz\/wp-content\/uploads\/2025\/06\/dite-768x512.webp 768w, https:\/\/optikpraha.cz\/wp-content\/uploads\/2025\/06\/dite-1536x1024.webp 1536w, https:\/\/optikpraha.cz\/wp-content\/uploads\/2025\/06\/dite-2048x1366.webp 2048w, https:\/\/optikpraha.cz\/wp-content\/uploads\/2025\/06\/dite-18x12.webp 18w, https:\/\/optikpraha.cz\/wp-content\/uploads\/2025\/06\/dite-930x620.webp 930w\" sizes=\"auto, (max-width: 1024px) 100vw, 1024px\" \/><\/figure><div class=\"wp-block-media-text__content\">\n<p><strong>D\u011btsk\u00fd zrak<\/strong> &#8211; specialn\u00ed i klasick\u00e9 br\u00fdlov\u00e9 \u010do\u010dky pro d\u011bti.<\/p>\n\n\n\n<div id=\"wp-block-themeisle-blocks-button-group-31930f70\" class=\"wp-block-themeisle-blocks-button-group wp-block-buttons align-left-desktop\">\n<div id=\"wp-block-themeisle-blocks-button-c27c35f1\" class=\"wp-block-themeisle-blocks-button wp-block-button\"><a href=\"https:\/\/optikpraha.cz\/en\/detsky-zrak-specialni-i-klasicke-brylove-cocky-pro-deti\/\" target=\"_self\" rel=\"noopener noreferrer\" class=\"wp-block-button__link\"><span>info<\/span><\/a><\/div>\n<\/div>\n<\/div><\/div>\n\n\n\n<p><\/p>","protected":false},"excerpt":{"rendered":"","protected":false},"author":1,"featured_media":0,"parent":0,"menu_order":0,"comment_status":"closed","ping_status":"closed","template":"","meta":{"neve_meta_sidebar":"","neve_meta_container":"","neve_meta_enable_content_width":"","neve_meta_content_width":0,"neve_meta_title_alignment":"","neve_meta_author_avatar":"","neve_post_elements_order":"","neve_meta_disable_header":"","neve_meta_disable_footer":"","neve_meta_disable_title":"","_themeisle_gutenberg_block_has_review":false,"footnotes":""},"class_list":["post-566","page","type-page","status-publish","hentry"],"_links":{"self":[{"href":"https:\/\/optikpraha.cz\/en\/wp-json\/wp\/v2\/pages\/566","targetHints":{"allow":["GET"]}}],"collection":[{"href":"https:\/\/optikpraha.cz\/en\/wp-json\/wp\/v2\/pages"}],"about":[{"href":"https:\/\/optikpraha.cz\/en\/wp-json\/wp\/v2\/types\/page"}],"author":[{"embeddable":true,"href":"https:\/\/optikpraha.cz\/en\/wp-json\/wp\/v2\/users\/1"}],"replies":[{"embeddable":true,"href":"https:\/\/optikpraha.cz\/en\/wp-json\/wp\/v2\/comments?post=566"}],"version-history":[{"count":17,"href":"https:\/\/optikpraha.cz\/en\/wp-json\/wp\/v2\/pages\/566\/revisions"}],"predecessor-version":[{"id":632,"href":"https:\/\/optikpraha.cz\/en\/wp-json\/wp\/v2\/pages\/566\/revisions\/632"}],"wp:attachment":[{"href":"https:\/\/optikpraha.cz\/en\/wp-json\/wp\/v2\/media?parent=566"}],"curies":[{"name":"wp","href":"https:\/\/api.w.org\/{rel}","templated":true}]}}

Potřebuji vidět

<div class="wp-block-media-text is-stacked-on-mobile" style="grid-template-columns:30% auto"><figure class="wp-block-media-text__media"><img loading="lazy" decoding="async" width="1024" height="683" src="https://optikpraha.cz/wp-content/uploads/2025/06/dalka-1024x683.webp" alt="" class="wp-image-572 size-full" srcset="https://optikpraha.cz/wp-content/uploads/2025/06/dalka-1024x683.webp 1024w, https://optikpraha.cz/wp-content/uploads/2025/06/dalka-300x200.webp 300w, https://optikpraha.cz/wp-content/uploads/2025/06/dalka-768x512.webp 768w, https://optikpraha.cz/wp-content/uploads/2025/06/dalka-1536x1024.webp 1536w, https://optikpraha.cz/wp-content/uploads/2025/06/dalka-2048x1366.webp 2048w, https://optikpraha.cz/wp-content/uploads/2025/06/dalka-18x12.webp 18w, https://optikpraha.cz/wp-content/uploads/2025/06/dalka-930x620.webp 930w" sizes="auto, (max-width: 1024px) 100vw, 1024px" /></figure><div class="wp-block-media-text__content">
<p>Potřebuji vidět <strong>na</strong> <strong>dálku</strong>. (řízení, televize, sport)</p>



<div id="wp-block-themeisle-blocks-button-group-f543d550" class="wp-block-themeisle-blocks-button-group wp-block-buttons align-left-desktop">
<div id="wp-block-themeisle-blocks-button-107c96b5" class="wp-block-themeisle-blocks-button wp-block-button"><a href="https://optikpraha.cz/en/potrebujete-videt-ostre-na-dalku-pomuzeme-vam/" target="_self" rel="noopener noreferrer" class="wp-block-button__link"><span>INFO</span></a></div>
</div>
</div></div>



<div class="wp-block-media-text is-stacked-on-mobile" style="grid-template-columns:30% auto"><figure class="wp-block-media-text__media"><img loading="lazy" decoding="async" width="1024" height="683" src="https://optikpraha.cz/wp-content/uploads/2025/06/kniha-1024x683.webp" alt="" class="wp-image-580 size-full" srcset="https://optikpraha.cz/wp-content/uploads/2025/06/kniha-1024x683.webp 1024w, https://optikpraha.cz/wp-content/uploads/2025/06/kniha-300x200.webp 300w, https://optikpraha.cz/wp-content/uploads/2025/06/kniha-768x512.webp 768w, https://optikpraha.cz/wp-content/uploads/2025/06/kniha-1536x1024.webp 1536w, https://optikpraha.cz/wp-content/uploads/2025/06/kniha-2048x1366.webp 2048w, https://optikpraha.cz/wp-content/uploads/2025/06/kniha-18x12.webp 18w, https://optikpraha.cz/wp-content/uploads/2025/06/kniha-930x620.webp 930w" sizes="auto, (max-width: 1024px) 100vw, 1024px" /></figure><div class="wp-block-media-text__content">
<p>Potřebuji vidět <strong>na blízko</strong>. ( čtění, drobná práce)</p>



<div id="wp-block-themeisle-blocks-button-group-1e8cd851" class="wp-block-themeisle-blocks-button-group wp-block-buttons align-left-desktop">
<div id="wp-block-themeisle-blocks-button-a4822697" class="wp-block-themeisle-blocks-button wp-block-button"><a href="https://optikpraha.cz/en/potrebujete-videt-ostre-na-blizko/" target="_self" rel="noopener noreferrer" class="wp-block-button__link"><span>info</span></a></div>
</div>
</div></div>



<div id="wp-block-themeisle-blocks-advanced-columns-e72e9764" class="wp-block-themeisle-blocks-advanced-columns has-1-columns has-desktop-equal-layout has-tablet-equal-layout has-mobile-collapsedRows-layout has-vertical-unset"><div class="wp-block-themeisle-blocks-advanced-columns-overlay"></div><div class="innerblocks-wrap">
<div id="wp-block-themeisle-blocks-advanced-column-1870a168" class="wp-block-themeisle-blocks-advanced-column">
<div class="wp-block-media-text is-stacked-on-mobile" style="grid-template-columns:30% auto"><figure class="wp-block-media-text__media"><img loading="lazy" decoding="async" width="1024" height="683" src="https://optikpraha.cz/wp-content/uploads/2025/06/Navrh-bez-nazvu-1024x683.webp" alt="ghughjghj" class="wp-image-569 size-full" srcset="https://optikpraha.cz/wp-content/uploads/2025/06/Navrh-bez-nazvu-1024x683.webp 1024w, https://optikpraha.cz/wp-content/uploads/2025/06/Navrh-bez-nazvu-300x200.webp 300w, https://optikpraha.cz/wp-content/uploads/2025/06/Navrh-bez-nazvu-768x512.webp 768w, https://optikpraha.cz/wp-content/uploads/2025/06/Navrh-bez-nazvu-1536x1024.webp 1536w, https://optikpraha.cz/wp-content/uploads/2025/06/Navrh-bez-nazvu-2048x1366.webp 2048w, https://optikpraha.cz/wp-content/uploads/2025/06/Navrh-bez-nazvu-18x12.webp 18w, https://optikpraha.cz/wp-content/uploads/2025/06/Navrh-bez-nazvu-930x620.webp 930w" sizes="auto, (max-width: 1024px) 100vw, 1024px" /></figure><div class="wp-block-media-text__content">
<p>Potřebuji <strong>řídit</strong> a vidět <strong>na</strong> <strong>navigaci. </strong>( profi řidič) </p>



<div id="wp-block-themeisle-blocks-button-group-f81cc653" class="wp-block-themeisle-blocks-button-group wp-block-buttons align-left-desktop">
<div id="wp-block-themeisle-blocks-button-2f4939b1" class="wp-block-themeisle-blocks-button wp-block-button"><a href="https://optikpraha.cz/en/potrebuji-ridit-a-videt-na-navigaci-profi-ridic/" target="_self" rel="noopener noreferrer" class="wp-block-button__link"><span>Info</span></a></div>
</div>
</div></div>
</div>
</div></div>



<div class="wp-block-media-text is-stacked-on-mobile" style="grid-template-columns:30% auto"><figure class="wp-block-media-text__media"><img loading="lazy" decoding="async" width="1024" height="683" src="https://optikpraha.cz/wp-content/uploads/2025/06/Navrh-bez-nazvuzrtz-1024x683.webp" alt="" class="wp-image-570 size-full" srcset="https://optikpraha.cz/wp-content/uploads/2025/06/Navrh-bez-nazvuzrtz-1024x683.webp 1024w, https://optikpraha.cz/wp-content/uploads/2025/06/Navrh-bez-nazvuzrtz-300x200.webp 300w, https://optikpraha.cz/wp-content/uploads/2025/06/Navrh-bez-nazvuzrtz-768x512.webp 768w, https://optikpraha.cz/wp-content/uploads/2025/06/Navrh-bez-nazvuzrtz-1536x1024.webp 1536w, https://optikpraha.cz/wp-content/uploads/2025/06/Navrh-bez-nazvuzrtz-2048x1366.webp 2048w, https://optikpraha.cz/wp-content/uploads/2025/06/Navrh-bez-nazvuzrtz-18x12.webp 18w, https://optikpraha.cz/wp-content/uploads/2025/06/Navrh-bez-nazvuzrtz-930x620.webp 930w" sizes="auto, (max-width: 1024px) 100vw, 1024px" /></figure><div class="wp-block-media-text__content">
<p>Potřebuji vidět <strong>na počítač</strong>. (střední vzdálenost)</p>



<div id="wp-block-themeisle-blocks-button-group-162697b1" class="wp-block-themeisle-blocks-button-group wp-block-buttons align-left-desktop">
<div id="wp-block-themeisle-blocks-button-7fa9ab45" class="wp-block-themeisle-blocks-button wp-block-button"><a href="https://optikpraha.cz/en/travite-hodiny-u-pocitace/" target="_self" rel="noopener noreferrer" class="wp-block-button__link"><span>info</span></a></div>
</div>
</div></div>



<div class="wp-block-media-text is-stacked-on-mobile" style="grid-template-columns:30% auto"><figure class="wp-block-media-text__media"><img loading="lazy" decoding="async" width="1024" height="683" src="https://optikpraha.cz/wp-content/uploads/2025/06/Navrh-bez-nazvuklkjjlj-1-1024x683.webp" alt="" class="wp-image-576 size-full" srcset="https://optikpraha.cz/wp-content/uploads/2025/06/Navrh-bez-nazvuklkjjlj-1-1024x683.webp 1024w, https://optikpraha.cz/wp-content/uploads/2025/06/Navrh-bez-nazvuklkjjlj-1-300x200.webp 300w, https://optikpraha.cz/wp-content/uploads/2025/06/Navrh-bez-nazvuklkjjlj-1-768x512.webp 768w, https://optikpraha.cz/wp-content/uploads/2025/06/Navrh-bez-nazvuklkjjlj-1-1536x1024.webp 1536w, https://optikpraha.cz/wp-content/uploads/2025/06/Navrh-bez-nazvuklkjjlj-1-2048x1366.webp 2048w, https://optikpraha.cz/wp-content/uploads/2025/06/Navrh-bez-nazvuklkjjlj-1-18x12.webp 18w, https://optikpraha.cz/wp-content/uploads/2025/06/Navrh-bez-nazvuklkjjlj-1-930x620.webp 930w" sizes="auto, (max-width: 1024px) 100vw, 1024px" /></figure><div class="wp-block-media-text__content">
<p>Potřebuji vidět <strong>na všechny vzdálenosti</strong>. (kombinace více vzdáleností)</p>



<div id="wp-block-themeisle-blocks-button-group-3fd159d8" class="wp-block-themeisle-blocks-button-group wp-block-buttons align-left-desktop">
<div id="wp-block-themeisle-blocks-button-b567cf72" class="wp-block-themeisle-blocks-button wp-block-button"><a href="https://optikpraha.cz/en/potrebujete-ostre-videt-na-vsechny-vzdalenosti/" target="_self" rel="noopener noreferrer" class="wp-block-button__link"><span>Info</span></a></div>
</div>
</div></div>



<div class="wp-block-media-text is-stacked-on-mobile" style="grid-template-columns:30% auto"><figure class="wp-block-media-text__media"><img loading="lazy" decoding="async" width="1024" height="683" src="https://optikpraha.cz/wp-content/uploads/2025/06/dite-1024x683.webp" alt="" class="wp-image-588 size-full" srcset="https://optikpraha.cz/wp-content/uploads/2025/06/dite-1024x683.webp 1024w, https://optikpraha.cz/wp-content/uploads/2025/06/dite-300x200.webp 300w, https://optikpraha.cz/wp-content/uploads/2025/06/dite-768x512.webp 768w, https://optikpraha.cz/wp-content/uploads/2025/06/dite-1536x1024.webp 1536w, https://optikpraha.cz/wp-content/uploads/2025/06/dite-2048x1366.webp 2048w, https://optikpraha.cz/wp-content/uploads/2025/06/dite-18x12.webp 18w, https://optikpraha.cz/wp-content/uploads/2025/06/dite-930x620.webp 930w" sizes="auto, (max-width: 1024px) 100vw, 1024px" /></figure><div class="wp-block-media-text__content">
<p><strong>Dětský zrak</strong> &#8211; specialní i klasické brýlové čočky pro děti.</p>



<div id="wp-block-themeisle-blocks-button-group-31930f70" class="wp-block-themeisle-blocks-button-group wp-block-buttons align-left-desktop">
<div id="wp-block-themeisle-blocks-button-c27c35f1" class="wp-block-themeisle-blocks-button wp-block-button"><a href="https://optikpraha.cz/en/detsky-zrak-specialni-i-klasicke-brylove-cocky-pro-deti/" target="_self" rel="noopener noreferrer" class="wp-block-button__link"><span>info</span></a></div>
</div>
</div></div>



<p></p>
